?
True
Is 1677539 a composite number?
False
Is 73778267 a composite number?
False
Is 7210481 a prime number?
False
Is 21862031 a composite number?
False
Is 116329667 a composite number?
True
Is 65269819 prime?
True
Is 7814971 a composite number?
False
Is 3605027 composite?
False
Is 9858413 prime?
True
Is 12469609 a composite number?
False
Is 43079717 composite?
True
Is 159011731 prime?
True
Is 3303607 composite?
False
Is 25820407 composite?
False
Is 67518889 a prime number?
False
Is 13213159 prime?
True
Is 1462226 a prime number?
False
Is 11516249 prime?
True
Is 1165231 composite?
True
Is 33897023 a prime number?
True
Is 611711 prime?
False
Is 202719733 a composite number?
True
Is 254346317 a prime number?
True
Is 1596001 a prime number?
False
Is 180920411 composite?
True
Is 7746511 a composite number?
False
Is 44039683 a composite number?
False
Is 9776389 a prime number?
False
Is 11994511 a composite number?
True
Is 3213311 a prime number?
False
Is 36697099 a prime number?
True
Is 6994069 prime?
False
Is 2403257 composite?
True
Is 295158871 a composite number?
True
Is 19247471 a prime number?
True
Is 21944537 a composite number?
False
Is 16086341 composite?
True
Is 2725499 a composite number?
True
Is 134447063 a composite number?
True
Is 21887533 a composite number?
False
Is 8584463 composite?
True
Is 20185457 composite?
True
Is 12844511 a composite number?
True
Is 12340963 composite?
True
Is 8791861 prime?
False
Is 1141901 composite?
False
Is 14834893 prime?
True
Is 380179 prime?
True
Is 15980197 composite?
True
Is 33445253 a composite number?
False
Is 28456199 a composite number?
True
Is 908387 composite?
True
Is 1156908547 prime?
True
Is 26510891 a composite number?
True
Is 4962337 composite?
True
Is 35419 composite?
False
Is 5756397 composite?
True
Is 154843237 composite?
False
Is 85978727 composite?
True
Is 92431 prime?
True
Is 30774547 a composite number?
True
Is 272775563 a prime number?
True
Is 45740153 composite?
True
Is 94380541 composite?
False
Is 929659649 composite?
False
Is 9923131 a composite number?
True
Is 78833009 a prime number?
False
Is 1341931 composite?
False
Is 14439523 composite?
True
Is 187281379 a prime number?
False
Is 6320359 prime?
True
Is 81307477 a composite number?
False
Is 242460029 a prime number?
False
Is 6030211 prime?
False
Is 3501809 a prime number?
True
Is 1350299 composite?
True
Is 119031509 a composite number?
True
Is 598363 a composite number?
False
Is 92825641 prime?
False
Is 5487221 prime?
True
Is 13290751 prime?
True
Is 1636139 prime?
True
Is 14421269 prime?
True
Is 52574111 composite?
False
Is 4863389 a composite number?
True
Is 4644013 composite?
True
Is 211884139 prime?
True
Is 556399 a composite number?
False
Is 148429 composite?
False
Is 92060809 a composite number?
True
Is 68606753 a composite number?
False
Is 602635991 composite?
False
Is 30126847 a composite number?
False
Is 8988503 composite?
False
Is 9799319 prime?
True
Is 5558727 prime?
False
Is 620131 composite?
True
Is 1144753 a composite number?
True
Is 409069 a prime number?
True
Is 193447 prime?
True
Is 114547 a prime number?
True
Is 814289251 a prime number?
False
Is 2611253 a composite number?
True
Is 2168363 a composite number?
False
Is 130283899 a prime number?
False
Is 318064963 a prime number?
False
Is 386526593 a prime number?
True
Is 31937839 prime?
True
Is 2837843 composite?
False
Is 346303 composite?
False
Is 23491939 a composite number?
False
Is 65731007 composite?
False
Is 25596491 a composite number?
False
Is 4288697 composite?
True
Is 37757947 a composite number?
False
Is 5641187 composite?
True
Is 947734019 a prime number?
False
Is 85026317 a prime number?
True
Is 10388911 a prime number?
False
Is 52680779 composite?
False
Is 2349497 prime?
True
Is 242863 a prime number?
True
Is 1279627 a prime number?
True
Is 83138323 a composite number?
False
Is 102086093 a composite number?
False
Is 279001 composite?
False
Is 17478443 a prime number?
False
Is 448135 a composite number?
True
Is 52775458 prime?
False
Is 19674229 a composite number?
False
Is 4169735 composite?
True
Is 7724281 composite?
False
Is 640795693 prime?
True
Is 2018483 composite?
False
Is 1327427 a composite number?
False
Is 92037041 composite?
False
Is 381943174 a composite number?
True
Is 716227 composite?
True
Is 2486951 prime?
True
Is 89925629 composite?
True
Is 3088619 prime?
True
Is 8539165 a prime number?
False
Is 6570079 a composite number?
True
Is 41581453 composite?
False
Is 25009447 a composite number?
True
Is 16359223 a prime number?
True
Is 454957663 a composite number?
False
Is 369282505 a composite number?
True
Is 1251193 composite?
True
Is 52532731 a prime number?
True
Is 65580653 prime?
False
Is 115515133 a prime number?
True
Is 34478291 a composite number?
True
Is 264731 prime?
True
Is 80546723 a composite number?
False
Is 4084705 a prime number?
False
Is 4310183 composite?
True
Is 3898243 composite?
False
Is 53153923 a composite number?
False
Is 145093321 composite?
False
Is 135164969 composite?
True
Is 29697319 a composite number?
False
Is 568961 a prime number?
False
Is 119401709 a prime number?
False
Is 203536078 a prime number?
False
Is 422117 composite?
True
Is 111642481 prime?
True
Is 39067039 a prime number?
False
Is 122657 composite?
True
Is 39577067 a prime number?
False
Is 269473 prime?
True
Is 905389 a prime number?
False
Is 48880883 prime?
False
Is 2605417 a composite number?
True
Is 47194469 composite?
True
Is 1708269 prime?
False
Is 5466359 prime?
True
Is 3466723 a prime number?
False
Is 1014851 prime?
False
Is 14459089 composite?
True
Is 7105831 a prime number?
True
Is 15892361 a prime number?
True
Is 3847477 prime?
True
Is 969713 prime?
True
Is 28788979 prime?
True
Is 178833379 a composite number?
False
Is 5258359 a prime number?
False
Is 6556409 a composite number?
True
Is 77724139 a composite number?
True
Is 8578357 a composite number?
True
Is 40289 a composite number?
False
Is 69596869 prime?
True
Is 6329101 prime?
False
Is 182415269 a prime number?
False
Is 20543243 prime?
False
Is 845555 prime?
False
Is 673747 a composite number?
False
Is 4185343 prime?
True
Is 312887663 a prime number?
False
Is 590027 prime?
True
Is 36497171 composite?
False
Is 46862947 composite?
True
Is 139661 prime?
True
Is 10702649 a composite number?
False
Is 276259 a composite number?
True
Is 193423 composite?
False
Is 326419 prime?
False
Is 26063849 a prime number?
False
Is 856589 prime?
False
Is 10146119 prime?
True
Is 282749609 a composite number?
False
Is 39032761 a composite number?
False
Is 2180329 composite?
False
Is 2127869 a prime number?
False
Is 731173661 composite?
False
Is 8695983 a prime number?
False
Is 10602907 composite?
True
Is 1819781 composite?
False
Is 4389871 a composite number?
False
Is 1089091 a prime number?
True
Is 202032901 a composite number?
True
Is 11471309 a composite number?
False
Is 1199353 a prime number?
False
Is 594773 composite?
False
Is 10840873 a composite number?
False
Is 114067 prime?
True
Is 17648461 a prime number?
True
Is 630975733 prime?
True
Is 22725569 composite?
False
Is 9091783 composite?
False
Is 2839519 a prime number?
True
Is 10980371 a prime number?
False
Is 288721 prime?
False
Is 794779 composite?
False
Is 62043715 a composite number?
True
Is 10041886 prime?
False
Is 2511959 prime?
False
Is 5623403 a prime number?
True
Is 24978671 a prime number?
False
Is 344902031 prime?
True
Is 5459497 composite?
False
Is 3159269 a composite number?
True
Is 2108947 composite?
True
Is 1041035 prime?
False
Is 4390613 prime?
True
Is 2785217 a composite number?
True
Is 374318401 prime?
False
Is 10081063 prime?
True
Is 169499117 prime?
True
Is 2138963 prime?
False
Is 59866453 prime?
True
Is 45170449 composite?
False
Is 116466709 prime?
False
Is 93490559 prime?
True
Is 31948453 composite?
True
Is 1643831 a composite number?
True
Is 278025283 a composite number?
False
Is 896033 composite?
True
Is 6810091 prime?
True
Is 3745127 a prime number?
True
Is 1518449 prime?
True
Is 123854 prime?
False
Is 720309959 a composite number?
False
Is 9951977 a prime number?
False
Is 1512859 prime?
False
Is 307356113 a composite number?
False
Is 481346609 a prime number?
True
Is 4516907 prime?
True
Is 1030369 prime?
True
Is 254